{"id":2288,"date":"2018-08-07T00:04:34","date_gmt":"2018-08-06T21:04:34","guid":{"rendered":"http:\/\/istanbultiptanitim.istanbul.edu.tr\/?page_id=2288"},"modified":"2018-08-09T19:28:20","modified_gmt":"2018-08-09T16:28:20","slug":"yurtdisi-ortakliklarimiz","status":"publish","type":"page","link":"https:\/\/istanbultiptanitim.istanbul.edu.tr\/index.php\/yurtdisi-ortakliklarimiz\/","title":{"rendered":"Yurtd\u0131\u015f\u0131 Ortakl\u0131klar\u0131m\u0131z"},"content":{"rendered":"<hr \/>\n<h4><a href=\"http:\/\/istanbultiptanitim.istanbul.edu.tr\/index.php\/m8-alliance\/\">M8 Alliance<\/a><a href=\"http:\/\/istanbultiptanitim.istanbul.edu.tr\/index.php\/m8-alliance\/\"><img decoding=\"async\" loading=\"lazy\" class=\"alignright wp-image-2289 size-thumbnail\" src=\"http:\/\/istanbultiptanitim.istanbul.edu.tr\/wp-content\/uploads\/2018\/08\/M8_Logo-Kopya-150x150.jpg\" alt=\"\" width=\"150\" height=\"150\" srcset=\"https:\/\/istanbultiptanitim.istanbul.edu.tr\/wp-content\/uploads\/2018\/08\/M8_Logo-Kopya-150x150.jpg 150w, https:\/\/istanbultiptanitim.istanbul.edu.tr\/wp-content\/uploads\/2018\/08\/M8_Logo-Kopya-300x300.jpg 300w, https:\/\/istanbultiptanitim.istanbul.edu.tr\/wp-content\/uploads\/2018\/08\/M8_Logo-Kopya.jpg 400w, https:\/\/istanbultiptanitim.istanbul.edu.tr\/wp-content\/uploads\/2018\/08\/M8_Logo-Kopya-230x230.jpg 230w, https:\/\/istanbultiptanitim.istanbul.edu.tr\/wp-content\/uploads\/2018\/08\/M8_Logo-Kopya-350x350.jpg 350w\" sizes=\"(max-width: 150px) 100vw, 150px\" \/><\/a><\/h4>\n<p>&nbsp;<\/p>\n<p>&nbsp;<\/p>\n<hr \/>\n<h4><a href=\"http:\/\/istanbultiptanitim.istanbul.edu.tr\/index.php\/erasmus\/\">Erasmus\u00a0<\/a><a href=\"http:\/\/istanbultiptanitim.istanbul.edu.tr\/index.php\/erasmus\/\"><img decoding=\"async\" loading=\"lazy\" class=\"alignright wp-image-2290 size-thumbnail\" src=\"http:\/\/istanbultiptanitim.istanbul.edu.tr\/wp-content\/uploads\/2018\/08\/erasmus-Kopya-150x150.png\" alt=\"\" width=\"150\" height=\"150\" srcset=\"https:\/\/istanbultiptanitim.istanbul.edu.tr\/wp-content\/uploads\/2018\/08\/erasmus-Kopya-150x150.png 150w, https:\/\/istanbultiptanitim.istanbul.edu.tr\/wp-content\/uploads\/2018\/08\/erasmus-Kopya-300x300.png 300w, https:\/\/istanbultiptanitim.istanbul.edu.tr\/wp-content\/uploads\/2018\/08\/erasmus-Kopya-768x768.png 768w, https:\/\/istanbultiptanitim.istanbul.edu.tr\/wp-content\/uploads\/2018\/08\/erasmus-Kopya-1024x1024.png 1024w, https:\/\/istanbultiptanitim.istanbul.edu.tr\/wp-content\/uploads\/2018\/08\/erasmus-Kopya-830x830.png 830w, https:\/\/istanbultiptanitim.istanbul.edu.tr\/wp-content\/uploads\/2018\/08\/erasmus-Kopya-230x230.png 230w, https:\/\/istanbultiptanitim.istanbul.edu.tr\/wp-content\/uploads\/2018\/08\/erasmus-Kopya-350x350.png 350w, https:\/\/istanbultiptanitim.istanbul.edu.tr\/wp-content\/uploads\/2018\/08\/erasmus-Kopya-480x480.png 480w, https:\/\/istanbultiptanitim.istanbul.edu.tr\/wp-content\/uploads\/2018\/08\/erasmus-Kopya.png 1444w\" sizes=\"(max-width: 150px) 100vw, 150px\" \/><\/a><\/h4>\n<p>&nbsp;<\/p>\n<p>&nbsp;<\/p>\n<hr \/>\n<h4><a href=\"http:\/\/istanbultiptanitim.istanbul.edu.tr\/index.php\/ikili-anlasmalar\/\">\u0130kili Anla\u015fmalar<\/a><a href=\"http:\/\/istanbultiptanitim.istanbul.edu.tr\/index.php\/ikili-anlasmalar\/\"><img decoding=\"async\" loading=\"lazy\" class=\"alignright wp-image-2295 size-thumbnail\" src=\"http:\/\/istanbultiptanitim.istanbul.edu.tr\/wp-content\/uploads\/2018\/08\/collaboration-community-cooperation-872955-150x150.jpg\" alt=\"\" width=\"150\" height=\"150\" \/><\/a><\/h4>\n<p>&nbsp;<\/p>\n<p>&nbsp;<\/p>\n<hr \/>\n<p>&nbsp;<\/p>\n","protected":false},"excerpt":{"rendered":"<p>M8 Alliance &nbsp; &nbsp; Erasmus\u00a0 &nbsp; &nbsp; \u0130kili Anla\u015fmalar &nbsp; &nbsp; &nbsp;<\/p>\n","protected":false},"author":3,"featured_media":0,"parent":0,"menu_order":0,"comment_status":"closed","ping_status":"closed","template":"","meta":{"sfsi_plus_gutenberg_text_before_share":"","sfsi_plus_gutenberg_show_text_before_share":"","sfsi_plus_gutenberg_icon_type":"","sfsi_plus_gutenberg_icon_alignemt":"","sfsi_plus_gutenburg_max_per_row":""},"_links":{"self":[{"href":"https:\/\/istanbultiptanitim.istanbul.edu.tr\/index.php\/wp-json\/wp\/v2\/pages\/2288"}],"collection":[{"href":"https:\/\/istanbultiptanitim.istanbul.edu.tr\/index.php\/wp-json\/wp\/v2\/pages"}],"about":[{"href":"https:\/\/istanbultiptanitim.istanbul.edu.tr\/index.php\/wp-json\/wp\/v2\/types\/page"}],"author":[{"embeddable":true,"href":"https:\/\/istanbultiptanitim.istanbul.edu.tr\/index.php\/wp-json\/wp\/v2\/users\/3"}],"replies":[{"embeddable":true,"href":"https:\/\/istanbultiptanitim.istanbul.edu.tr\/index.php\/wp-json\/wp\/v2\/comments?post=2288"}],"version-history":[{"count":6,"href":"https:\/\/istanbultiptanitim.istanbul.edu.tr\/index.php\/wp-json\/wp\/v2\/pages\/2288\/revisions"}],"predecessor-version":[{"id":2305,"href":"https:\/\/istanbultiptanitim.istanbul.edu.tr\/index.php\/wp-json\/wp\/v2\/pages\/2288\/revisions\/2305"}],"wp:attachment":[{"href":"https:\/\/istanbultiptanitim.istanbul.edu.tr\/index.php\/wp-json\/wp\/v2\/media?parent=2288"}],"curies":[{"name":"wp","href":"https:\/\/api.w.org\/{rel}","templated":true}]}}